{"id":26,"date":"2026-03-24T16:16:20","date_gmt":"2026-03-24T16:16:20","guid":{"rendered":"https:\/\/cytotecmexico.mx\/blog\/?page_id=26"},"modified":"2026-03-24T16:33:25","modified_gmt":"2026-03-24T16:33:25","slug":"blog","status":"publish","type":"page","link":"https:\/\/cytotecmexico.mx\/blog\/","title":{"rendered":"Blog"},"content":{"rendered":"\t\t<div data-elementor-type=\"wp-page\" data-elementor-id=\"26\" class=\"elementor elementor-26\" data-elementor-post-type=\"page\">\n\t\t\t\t\t\t<section class=\"elementor-section elementor-top-section elementor-element elementor-element-5c6b9256 elementor-section-items-bottom elementor-section-height-min-height elementor-section-boxed elementor-section-height-default\" data-id=\"5c6b9256\" data-element_type=\"section\" data-e-type=\"section\" data-settings=\"{&quot;background_background&quot;:&quot;classic&quot;,&quot;background_motion_fx_motion_fx_scrolling&quot;:&quot;yes&quot;,&quot;background_motion_fx_translateY_effect&quot;:&quot;yes&quot;,&quot;background_motion_fx_translateY_speed&quot;:{&quot;unit&quot;:&quot;px&quot;,&quot;size&quot;:2,&quot;sizes&quot;:[]},&quot;background_motion_fx_translateY_direction&quot;:&quot;negative&quot;,&quot;background_motion_fx_translateY_affectedRange&quot;:{&quot;unit&quot;:&quot;%&quot;,&quot;size&quot;:&quot;&quot;,&quot;sizes&quot;:{&quot;start&quot;:0,&quot;end&quot;:100}},&quot;background_motion_fx_devices&quot;:[&quot;desktop&quot;,&quot;tablet&quot;,&quot;mobile&quot;]}\">\n\t\t\t\t\t\t\t<div class=\"elementor-background-overlay\"><\/div>\n\t\t\t\t\t\t\t<div class=\"elementor-container elementor-column-gap-default\">\n\t\t\t\t\t<div class=\"elementor-column elementor-col-100 elementor-top-column elementor-element elementor-element-12094cde\" data-id=\"12094cde\" data-element_type=\"column\" data-e-type=\"column\">\n\t\t\t<div class=\"elementor-widget-wrap elementor-element-populated\">\n\t\t\t\t\t\t<section class=\"elementor-section elementor-inner-section elementor-element elementor-element-75a78db1 elementor-section-boxed elementor-section-height-default elementor-section-height-default\" data-id=\"75a78db1\" data-element_type=\"section\" data-e-type=\"section\">\n\t\t\t\t\t\t<div class=\"elementor-container elementor-column-gap-no\">\n\t\t\t\t\t<div class=\"elementor-column elementor-col-33 elementor-inner-column elementor-element elementor-element-4aa082f3 elementor-hidden-tablet elementor-hidden-phone\" data-id=\"4aa082f3\" data-element_type=\"column\" data-e-type=\"column\">\n\t\t\t<div class=\"elementor-widget-wrap\">\n\t\t\t\t\t\t\t<\/div>\n\t\t<\/div>\n\t\t\t\t<div class=\"elementor-column elementor-col-33 elementor-inner-column elementor-element elementor-element-4e29b335\" data-id=\"4e29b335\" data-element_type=\"column\" data-e-type=\"column\">\n\t\t\t<div class=\"elementor-widget-wrap elementor-element-populated\">\n\t\t\t\t\t\t<div class=\"elementor-element elementor-element-29ac36cc elementor-widget elementor-widget-heading\" data-id=\"29ac36cc\" data-element_type=\"widget\" data-e-type=\"widget\" data-widget_type=\"heading.default\">\n\t\t\t\t\t<h3 class=\"elementor-heading-title elementor-size-default\">Blog<\/h3>\t\t\t\t<\/div>\n\t\t\t\t<div class=\"elementor-element elementor-element-2b0fa406 elementor-widget-divider--view-line elementor-widget elementor-widget-divider\" data-id=\"2b0fa406\" data-element_type=\"widget\" data-e-type=\"widget\" data-widget_type=\"divider.default\">\n\t\t\t\t\t\t\t<div class=\"elementor-divider\">\n\t\t\t<span class=\"elementor-divider-separator\">\n\t\t\t\t\t\t<\/span>\n\t\t<\/div>\n\t\t\t\t\t\t<\/div>\n\t\t\t\t<div class=\"elementor-element elementor-element-5202ef11 elementor-widget elementor-widget-text-editor\" data-id=\"5202ef11\" data-element_type=\"widget\" data-e-type=\"widget\" data-widget_type=\"text-editor.default\">\n\t\t\t\t\t\t\t\t\tTodo lo que debes saber para estar bien informada antes de realizar el tratamiento con Cytotec Misoprostol\t\t\t\t\t\t\t\t<\/div>\n\t\t\t\t\t<\/div>\n\t\t<\/div>\n\t\t\t\t<div class=\"elementor-column elementor-col-33 elementor-inner-column elementor-element elementor-element-13c7bc5f elementor-hidden-tablet elementor-hidden-phone\" data-id=\"13c7bc5f\" data-element_type=\"column\" data-e-type=\"column\">\n\t\t\t<div class=\"elementor-widget-wrap\">\n\t\t\t\t\t\t\t<\/div>\n\t\t<\/div>\n\t\t\t\t\t<\/div>\n\t\t<\/section>\n\t\t\t\t\t<\/div>\n\t\t<\/div>\n\t\t\t\t\t<\/div>\n\t\t<\/section>\n\t\t\t\t<section class=\"elementor-section elementor-top-section elementor-element elementor-element-43b055f4 elementor-section-boxed elementor-section-height-default elementor-section-height-default\" data-id=\"43b055f4\" data-element_type=\"section\" data-e-type=\"section\">\n\t\t\t\t\t\t<div class=\"elementor-container elementor-column-gap-default\">\n\t\t\t\t\t<div class=\"elementor-column elementor-col-100 elementor-top-column elementor-element elementor-element-e306c28\" data-id=\"e306c28\" data-element_type=\"column\" data-e-type=\"column\">\n\t\t\t<div class=\"elementor-widget-wrap elementor-element-populated\">\n\t\t\t\t\t\t<div class=\"elementor-element elementor-element-51f6b5d5 elementor-grid-3 elementor-grid-tablet-2 elementor-grid-mobile-1 elementor-posts--thumbnail-top elementor-card-shadow-yes elementor-posts__hover-gradient elementor-widget elementor-widget-posts\" data-id=\"51f6b5d5\" data-element_type=\"widget\" data-e-type=\"widget\" data-settings=\"{&quot;cards_columns&quot;:&quot;3&quot;,&quot;cards_columns_tablet&quot;:&quot;2&quot;,&quot;cards_columns_mobile&quot;:&quot;1&quot;,&quot;cards_row_gap&quot;:{&quot;unit&quot;:&quot;px&quot;,&quot;size&quot;:35,&quot;sizes&quot;:[]},&quot;cards_row_gap_tablet&quot;:{&quot;unit&quot;:&quot;px&quot;,&quot;size&quot;:&quot;&quot;,&quot;sizes&quot;:[]},&quot;cards_row_gap_mobile&quot;:{&quot;unit&quot;:&quot;px&quot;,&quot;size&quot;:&quot;&quot;,&quot;sizes&quot;:[]}}\" data-widget_type=\"posts.cards\">\n\t\t\t\t<div class=\"elementor-widget-container\">\n\t\t\t\t\t\t\t<div class=\"elementor-posts-container elementor-posts elementor-posts--skin-cards elementor-grid\" role=\"list\">\n\t\t\t\t<article class=\"elementor-post elementor-grid-item post-120 post type-post status-publish format-standard has-post-thumbnail hentry category-blog\" role=\"listitem\">\n\t\t\t<div class=\"elementor-post__card\">\n\t\t\t\t<a class=\"elementor-post__thumbnail__link\" href=\"https:\/\/cytotecmexico.mx\/blog\/2026\/03\/24\/confirmacion-de-bienestar-y-pasos-a-seguir-tras-el-proceso\/\" tabindex=\"-1\" ><div class=\"elementor-post__thumbnail\"><img fetchpriority=\"high\" decoding=\"async\" width=\"300\" height=\"169\" src=\"https:\/\/cytotecmexico.mx\/blog\/wp-content\/uploads\/2026\/03\/8-300x169.jpg\" class=\"attachment-medium size-medium wp-image-72\" alt=\"\" srcset=\"https:\/\/cytotecmexico.mx\/blog\/wp-content\/uploads\/2026\/03\/8-300x169.jpg 300w, https:\/\/cytotecmexico.mx\/blog\/wp-content\/uploads\/2026\/03\/8-1024x576.jpg 1024w, https:\/\/cytotecmexico.mx\/blog\/wp-content\/uploads\/2026\/03\/8-768x432.jpg 768w, https:\/\/cytotecmexico.mx\/blog\/wp-content\/uploads\/2026\/03\/8.jpg 1280w\" sizes=\"(max-width: 300px) 100vw, 300px\" \/><\/div><\/a>\n\t\t\t\t<div class=\"elementor-post__badge\">Blog<\/div>\n\t\t\t\t<div class=\"elementor-post__text\">\n\t\t\t\t<h3 class=\"elementor-post__title\">\n\t\t\t<a href=\"https:\/\/cytotecmexico.mx\/blog\/2026\/03\/24\/confirmacion-de-bienestar-y-pasos-a-seguir-tras-el-proceso\/\" >\n\t\t\t\tConfirmaci\u00f3n de bienestar y pasos a seguir tras el proceso\t\t\t<\/a>\n\t\t<\/h3>\n\t\t\t\t<div class=\"elementor-post__excerpt\">\n\t\t\t<p>Una vez que las etapas m\u00e1s intensas de la recuperaci\u00f3n f\u00edsica han concluido, surge una duda natural: \u00bfc\u00f3mo saber con certeza que todo ha salido<\/p>\n\t\t<\/div>\n\t\t\n\t\t<a class=\"elementor-post__read-more\" href=\"https:\/\/cytotecmexico.mx\/blog\/2026\/03\/24\/confirmacion-de-bienestar-y-pasos-a-seguir-tras-el-proceso\/\" aria-label=\"Read more about Confirmaci\u00f3n de bienestar y pasos a seguir tras el proceso\" tabindex=\"-1\" >\n\t\t\tLeer m\u00e1s \u00bb\t\t<\/a>\n\n\t\t\t\t<\/div>\n\t\t\t\t<div class=\"elementor-post__meta-data\">\n\t\t\t\t\t<span class=\"elementor-post-date\">\n\t\t\tmarzo 24, 2026\t\t<\/span>\n\t\t\t\t<span class=\"elementor-post-avatar\">\n\t\t\tNo hay comentarios\t\t<\/span>\n\t\t\t\t<\/div>\n\t\t\t\t\t<\/div>\n\t\t<\/article>\n\t\t\t\t<article class=\"elementor-post elementor-grid-item post-121 post type-post status-publish format-standard has-post-thumbnail hentry category-blog\" role=\"listitem\">\n\t\t\t<div class=\"elementor-post__card\">\n\t\t\t\t<a class=\"elementor-post__thumbnail__link\" href=\"https:\/\/cytotecmexico.mx\/blog\/2026\/03\/24\/manejo-de-sintomas-y-confort-como-transitar-las-horas-de-mayor-intensidad\/\" tabindex=\"-1\" ><div class=\"elementor-post__thumbnail\"><img decoding=\"async\" width=\"300\" height=\"169\" src=\"https:\/\/cytotecmexico.mx\/blog\/wp-content\/uploads\/2026\/03\/7-300x169.jpg\" class=\"attachment-medium size-medium wp-image-73\" alt=\"\" srcset=\"https:\/\/cytotecmexico.mx\/blog\/wp-content\/uploads\/2026\/03\/7-300x169.jpg 300w, https:\/\/cytotecmexico.mx\/blog\/wp-content\/uploads\/2026\/03\/7-1024x576.jpg 1024w, https:\/\/cytotecmexico.mx\/blog\/wp-content\/uploads\/2026\/03\/7-768x432.jpg 768w, https:\/\/cytotecmexico.mx\/blog\/wp-content\/uploads\/2026\/03\/7.jpg 1280w\" sizes=\"(max-width: 300px) 100vw, 300px\" \/><\/div><\/a>\n\t\t\t\t<div class=\"elementor-post__badge\">Blog<\/div>\n\t\t\t\t<div class=\"elementor-post__text\">\n\t\t\t\t<h3 class=\"elementor-post__title\">\n\t\t\t<a href=\"https:\/\/cytotecmexico.mx\/blog\/2026\/03\/24\/manejo-de-sintomas-y-confort-como-transitar-las-horas-de-mayor-intensidad\/\" >\n\t\t\t\tManejo de s\u00edntomas y confort: C\u00f3mo transitar las horas de mayor intensidad\t\t\t<\/a>\n\t\t<\/h3>\n\t\t\t\t<div class=\"elementor-post__excerpt\">\n\t\t\t<p>Cuando el medicamento comienza a hacer efecto, el cuerpo inicia un proceso activo de limpieza y recuperaci\u00f3n. Es natural experimentar una serie de sensaciones f\u00edsicas<\/p>\n\t\t<\/div>\n\t\t\n\t\t<a class=\"elementor-post__read-more\" href=\"https:\/\/cytotecmexico.mx\/blog\/2026\/03\/24\/manejo-de-sintomas-y-confort-como-transitar-las-horas-de-mayor-intensidad\/\" aria-label=\"Read more about Manejo de s\u00edntomas y confort: C\u00f3mo transitar las horas de mayor intensidad\" tabindex=\"-1\" >\n\t\t\tLeer m\u00e1s \u00bb\t\t<\/a>\n\n\t\t\t\t<\/div>\n\t\t\t\t<div class=\"elementor-post__meta-data\">\n\t\t\t\t\t<span class=\"elementor-post-date\">\n\t\t\tmarzo 24, 2026\t\t<\/span>\n\t\t\t\t<span class=\"elementor-post-avatar\">\n\t\t\tNo hay comentarios\t\t<\/span>\n\t\t\t\t<\/div>\n\t\t\t\t\t<\/div>\n\t\t<\/article>\n\t\t\t\t<article class=\"elementor-post elementor-grid-item post-118 post type-post status-publish format-standard has-post-thumbnail hentry category-blog\" role=\"listitem\">\n\t\t\t<div class=\"elementor-post__card\">\n\t\t\t\t<a class=\"elementor-post__thumbnail__link\" href=\"https:\/\/cytotecmexico.mx\/blog\/2026\/03\/24\/protocolos-de-salud-y-seguridad-la-base-de-un-proceso-exitoso\/\" tabindex=\"-1\" ><div class=\"elementor-post__thumbnail\"><img decoding=\"async\" width=\"300\" height=\"169\" src=\"https:\/\/cytotecmexico.mx\/blog\/wp-content\/uploads\/2026\/03\/6-300x169.jpg\" class=\"attachment-medium size-medium wp-image-74\" alt=\"\" srcset=\"https:\/\/cytotecmexico.mx\/blog\/wp-content\/uploads\/2026\/03\/6-300x169.jpg 300w, https:\/\/cytotecmexico.mx\/blog\/wp-content\/uploads\/2026\/03\/6-1024x576.jpg 1024w, https:\/\/cytotecmexico.mx\/blog\/wp-content\/uploads\/2026\/03\/6-768x432.jpg 768w, https:\/\/cytotecmexico.mx\/blog\/wp-content\/uploads\/2026\/03\/6.jpg 1280w\" sizes=\"(max-width: 300px) 100vw, 300px\" \/><\/div><\/a>\n\t\t\t\t<div class=\"elementor-post__badge\">Blog<\/div>\n\t\t\t\t<div class=\"elementor-post__text\">\n\t\t\t\t<h3 class=\"elementor-post__title\">\n\t\t\t<a href=\"https:\/\/cytotecmexico.mx\/blog\/2026\/03\/24\/protocolos-de-salud-y-seguridad-la-base-de-un-proceso-exitoso\/\" >\n\t\t\t\tProtocolos de salud y seguridad: La base de un proceso exitoso\t\t\t<\/a>\n\t\t<\/h3>\n\t\t\t\t<div class=\"elementor-post__excerpt\">\n\t\t\t<p>Cuando se trata de salud reproductiva, el \u00e9xito y la tranquilidad dependen directamente de seguir lineamientos probados y seguros. El uso de medicamentos para la<\/p>\n\t\t<\/div>\n\t\t\n\t\t<a class=\"elementor-post__read-more\" href=\"https:\/\/cytotecmexico.mx\/blog\/2026\/03\/24\/protocolos-de-salud-y-seguridad-la-base-de-un-proceso-exitoso\/\" aria-label=\"Read more about Protocolos de salud y seguridad: La base de un proceso exitoso\" tabindex=\"-1\" >\n\t\t\tLeer m\u00e1s \u00bb\t\t<\/a>\n\n\t\t\t\t<\/div>\n\t\t\t\t<div class=\"elementor-post__meta-data\">\n\t\t\t\t\t<span class=\"elementor-post-date\">\n\t\t\tmarzo 24, 2026\t\t<\/span>\n\t\t\t\t<span class=\"elementor-post-avatar\">\n\t\t\tNo hay comentarios\t\t<\/span>\n\t\t\t\t<\/div>\n\t\t\t\t\t<\/div>\n\t\t<\/article>\n\t\t\t\t<article class=\"elementor-post elementor-grid-item post-119 post type-post status-publish format-standard has-post-thumbnail hentry category-blog\" role=\"listitem\">\n\t\t\t<div class=\"elementor-post__card\">\n\t\t\t\t<a class=\"elementor-post__thumbnail__link\" href=\"https:\/\/cytotecmexico.mx\/blog\/2026\/03\/24\/privacidad-y-autonomia-el-valor-de-decidir-en-un-entorno-seguro\/\" tabindex=\"-1\" ><div class=\"elementor-post__thumbnail\"><img loading=\"lazy\" decoding=\"async\" width=\"300\" height=\"169\" src=\"https:\/\/cytotecmexico.mx\/blog\/wp-content\/uploads\/2026\/03\/5-300x169.jpg\" class=\"attachment-medium size-medium wp-image-75\" alt=\"\" srcset=\"https:\/\/cytotecmexico.mx\/blog\/wp-content\/uploads\/2026\/03\/5-300x169.jpg 300w, https:\/\/cytotecmexico.mx\/blog\/wp-content\/uploads\/2026\/03\/5-1024x576.jpg 1024w, https:\/\/cytotecmexico.mx\/blog\/wp-content\/uploads\/2026\/03\/5-768x432.jpg 768w, https:\/\/cytotecmexico.mx\/blog\/wp-content\/uploads\/2026\/03\/5.jpg 1280w\" sizes=\"(max-width: 300px) 100vw, 300px\" \/><\/div><\/a>\n\t\t\t\t<div class=\"elementor-post__badge\">Blog<\/div>\n\t\t\t\t<div class=\"elementor-post__text\">\n\t\t\t\t<h3 class=\"elementor-post__title\">\n\t\t\t<a href=\"https:\/\/cytotecmexico.mx\/blog\/2026\/03\/24\/privacidad-y-autonomia-el-valor-de-decidir-en-un-entorno-seguro\/\" >\n\t\t\t\tPrivacidad y autonom\u00eda: El valor de decidir en un entorno seguro\t\t\t<\/a>\n\t\t<\/h3>\n\t\t\t\t<div class=\"elementor-post__excerpt\">\n\t\t\t<p>Tomar decisiones sobre la salud reproductiva es un ejercicio de autonom\u00eda personal que requiere, por encima de todo, un espacio de confianza y respeto. En<\/p>\n\t\t<\/div>\n\t\t\n\t\t<a class=\"elementor-post__read-more\" href=\"https:\/\/cytotecmexico.mx\/blog\/2026\/03\/24\/privacidad-y-autonomia-el-valor-de-decidir-en-un-entorno-seguro\/\" aria-label=\"Read more about Privacidad y autonom\u00eda: El valor de decidir en un entorno seguro\" tabindex=\"-1\" >\n\t\t\tLeer m\u00e1s \u00bb\t\t<\/a>\n\n\t\t\t\t<\/div>\n\t\t\t\t<div class=\"elementor-post__meta-data\">\n\t\t\t\t\t<span class=\"elementor-post-date\">\n\t\t\tmarzo 24, 2026\t\t<\/span>\n\t\t\t\t<span class=\"elementor-post-avatar\">\n\t\t\tNo hay comentarios\t\t<\/span>\n\t\t\t\t<\/div>\n\t\t\t\t\t<\/div>\n\t\t<\/article>\n\t\t\t\t<article class=\"elementor-post elementor-grid-item post-116 post type-post status-publish format-standard has-post-thumbnail hentry category-blog\" role=\"listitem\">\n\t\t\t<div class=\"elementor-post__card\">\n\t\t\t\t<a class=\"elementor-post__thumbnail__link\" href=\"https:\/\/cytotecmexico.mx\/blog\/2026\/03\/24\/el-proceso-de-recuperacion-como-retomar-tu-ritmo-diario-con-seguridad\/\" tabindex=\"-1\" ><div class=\"elementor-post__thumbnail\"><img loading=\"lazy\" decoding=\"async\" width=\"300\" height=\"169\" src=\"https:\/\/cytotecmexico.mx\/blog\/wp-content\/uploads\/2026\/03\/4-300x169.jpg\" class=\"attachment-medium size-medium wp-image-76\" alt=\"\" srcset=\"https:\/\/cytotecmexico.mx\/blog\/wp-content\/uploads\/2026\/03\/4-300x169.jpg 300w, https:\/\/cytotecmexico.mx\/blog\/wp-content\/uploads\/2026\/03\/4-1024x576.jpg 1024w, https:\/\/cytotecmexico.mx\/blog\/wp-content\/uploads\/2026\/03\/4-768x432.jpg 768w, https:\/\/cytotecmexico.mx\/blog\/wp-content\/uploads\/2026\/03\/4.jpg 1280w\" sizes=\"(max-width: 300px) 100vw, 300px\" \/><\/div><\/a>\n\t\t\t\t<div class=\"elementor-post__badge\">Blog<\/div>\n\t\t\t\t<div class=\"elementor-post__text\">\n\t\t\t\t<h3 class=\"elementor-post__title\">\n\t\t\t<a href=\"https:\/\/cytotecmexico.mx\/blog\/2026\/03\/24\/el-proceso-de-recuperacion-como-retomar-tu-ritmo-diario-con-seguridad\/\" >\n\t\t\t\tEl proceso de recuperaci\u00f3n: C\u00f3mo retomar tu ritmo diario con seguridad\t\t\t<\/a>\n\t\t<\/h3>\n\t\t\t\t<div class=\"elementor-post__excerpt\">\n\t\t\t<p>Una vez que las horas m\u00e1s intensas del proceso han pasado, el cuerpo entra en una etapa de estabilizaci\u00f3n. Es com\u00fan sentir una mezcla de<\/p>\n\t\t<\/div>\n\t\t\n\t\t<a class=\"elementor-post__read-more\" href=\"https:\/\/cytotecmexico.mx\/blog\/2026\/03\/24\/el-proceso-de-recuperacion-como-retomar-tu-ritmo-diario-con-seguridad\/\" aria-label=\"Read more about El proceso de recuperaci\u00f3n: C\u00f3mo retomar tu ritmo diario con seguridad\" tabindex=\"-1\" >\n\t\t\tLeer m\u00e1s \u00bb\t\t<\/a>\n\n\t\t\t\t<\/div>\n\t\t\t\t<div class=\"elementor-post__meta-data\">\n\t\t\t\t\t<span class=\"elementor-post-date\">\n\t\t\tmarzo 24, 2026\t\t<\/span>\n\t\t\t\t<span class=\"elementor-post-avatar\">\n\t\t\tNo hay comentarios\t\t<\/span>\n\t\t\t\t<\/div>\n\t\t\t\t\t<\/div>\n\t\t<\/article>\n\t\t\t\t<article class=\"elementor-post elementor-grid-item post-117 post type-post status-publish format-standard has-post-thumbnail hentry category-blog\" role=\"listitem\">\n\t\t\t<div class=\"elementor-post__card\">\n\t\t\t\t<a class=\"elementor-post__thumbnail__link\" href=\"https:\/\/cytotecmexico.mx\/blog\/2026\/03\/24\/alimentacion-y-bienestar-como-fortalecer-tu-cuerpo-durante-el-proceso\/\" tabindex=\"-1\" ><div class=\"elementor-post__thumbnail\"><img loading=\"lazy\" decoding=\"async\" width=\"300\" height=\"169\" src=\"https:\/\/cytotecmexico.mx\/blog\/wp-content\/uploads\/2026\/03\/3-300x169.jpg\" class=\"attachment-medium size-medium wp-image-77\" alt=\"\" srcset=\"https:\/\/cytotecmexico.mx\/blog\/wp-content\/uploads\/2026\/03\/3-300x169.jpg 300w, https:\/\/cytotecmexico.mx\/blog\/wp-content\/uploads\/2026\/03\/3-1024x576.jpg 1024w, https:\/\/cytotecmexico.mx\/blog\/wp-content\/uploads\/2026\/03\/3-768x432.jpg 768w, https:\/\/cytotecmexico.mx\/blog\/wp-content\/uploads\/2026\/03\/3.jpg 1280w\" sizes=\"(max-width: 300px) 100vw, 300px\" \/><\/div><\/a>\n\t\t\t\t<div class=\"elementor-post__badge\">Blog<\/div>\n\t\t\t\t<div class=\"elementor-post__text\">\n\t\t\t\t<h3 class=\"elementor-post__title\">\n\t\t\t<a href=\"https:\/\/cytotecmexico.mx\/blog\/2026\/03\/24\/alimentacion-y-bienestar-como-fortalecer-tu-cuerpo-durante-el-proceso\/\" >\n\t\t\t\tAlimentaci\u00f3n y bienestar: C\u00f3mo fortalecer tu cuerpo durante el proceso\t\t\t<\/a>\n\t\t<\/h3>\n\t\t\t\t<div class=\"elementor-post__excerpt\">\n\t\t\t<p>Llevar a cabo un proceso de salud reproductiva en casa implica un esfuerzo f\u00edsico para el organismo similar al de un periodo menstrual intenso o<\/p>\n\t\t<\/div>\n\t\t\n\t\t<a class=\"elementor-post__read-more\" href=\"https:\/\/cytotecmexico.mx\/blog\/2026\/03\/24\/alimentacion-y-bienestar-como-fortalecer-tu-cuerpo-durante-el-proceso\/\" aria-label=\"Read more about Alimentaci\u00f3n y bienestar: C\u00f3mo fortalecer tu cuerpo durante el proceso\" tabindex=\"-1\" >\n\t\t\tLeer m\u00e1s \u00bb\t\t<\/a>\n\n\t\t\t\t<\/div>\n\t\t\t\t<div class=\"elementor-post__meta-data\">\n\t\t\t\t\t<span class=\"elementor-post-date\">\n\t\t\tmarzo 24, 2026\t\t<\/span>\n\t\t\t\t<span class=\"elementor-post-avatar\">\n\t\t\tNo hay comentarios\t\t<\/span>\n\t\t\t\t<\/div>\n\t\t\t\t\t<\/div>\n\t\t<\/article>\n\t\t\t\t<\/div>\n\t\t\n\t\t\t\t\t\t<\/div>\n\t\t\t\t<\/div>\n\t\t\t\t\t<\/div>\n\t\t<\/div>\n\t\t\t\t\t<\/div>\n\t\t<\/section>\n\t\t\t\t<\/div>\n\t\t","protected":false},"excerpt":{"rendered":"<p>Blog Todo lo que debes saber para estar bien informada antes de realizar el tratamiento con Cytotec Misoprostol<\/p>\n","protected":false},"author":1,"featured_media":0,"parent":0,"menu_order":0,"comment_status":"closed","ping_status":"closed","template":"elementor_header_footer","meta":{"_joinchat":[],"footnotes":""},"class_list":["post-26","page","type-page","status-publish","hentry"],"_links":{"self":[{"href":"https:\/\/cytotecmexico.mx\/blog\/wp-json\/wp\/v2\/pages\/26","targetHints":{"allow":["GET"]}}],"collection":[{"href":"https:\/\/cytotecmexico.mx\/blog\/wp-json\/wp\/v2\/pages"}],"about":[{"href":"https:\/\/cytotecmexico.mx\/blog\/wp-json\/wp\/v2\/types\/page"}],"author":[{"embeddable":true,"href":"https:\/\/cytotecmexico.mx\/blog\/wp-json\/wp\/v2\/users\/1"}],"replies":[{"embeddable":true,"href":"https:\/\/cytotecmexico.mx\/blog\/wp-json\/wp\/v2\/comments?post=26"}],"version-history":[{"count":10,"href":"https:\/\/cytotecmexico.mx\/blog\/wp-json\/wp\/v2\/pages\/26\/revisions"}],"predecessor-version":[{"id":65,"href":"https:\/\/cytotecmexico.mx\/blog\/wp-json\/wp\/v2\/pages\/26\/revisions\/65"}],"wp:attachment":[{"href":"https:\/\/cytotecmexico.mx\/blog\/wp-json\/wp\/v2\/media?parent=26"}],"curies":[{"name":"wp","href":"https:\/\/api.w.org\/{rel}","templated":true}]}}